What is the tens digit of 51750462?
6
What is the ten thousands digit of 40978081?
7
What is the hundred thousands digit of 1033103680?
1
What is the hundred thousands digit of 62867723?
8
What is the ten thousands digit of 168981437?
8
What is the ten millions digit of 301029374?
0
What is the ten millions digit of 135326582?
3
What is the millions digit of 34147676?
4
What is the hundred millions digit of 113377142?
1
What is the units digit of 531811745?
5
What is the tens digit of 20508972?
7
What is the ten thousands digit of 2295286502?
8
What is the ten millions digit of 4805420754?
0
What is the units digit of 878706893?
3
What is the ten millions digit of 3413016980?
1
What is the ten thousands digit of 657184198?
8
What is the ten millions digit of 1106192105?
0
What is the hundreds digit of 1649707027?
0
What is the units digit of 2256327552?
2
What is the ten millions digit of 174568967?
7
What is the thousands digit of 135056572?
6
What is the units digit of 11526787?
7
What is the thousands digit of 44525595?
5
What is the ten thousands digit of 212236232?
3
What is the ten millions digit of 2331323787?
3
What is the hundreds digit of 77570397?
3
What is the hundreds digit of 165137625?
6
What is the thousands digit of 2092537822?
7
What is the hundred thousands digit of 494266764?
2
What is the ten millions digit of 2396383815?
9
What is the ten millions digit of 1063910551?
6
What is the tens digit of 334315585?
8
What is the thousands digit of 4031105596?
5
What is the units digit of 309853021?
1
What is the hundred thousands digit of 103863388?
8
What is the billions digit of 1254790420?
1
What is the hundreds digit of 28072153?
1
What is the units digit of 85217598?
8
What is the hundred thousands digit of 14050157?
0
What is the hundreds digit of 243460921?
9
What is the ten thousands digit of 765126714?
2
What is the ten thousands digit of 130256441?
5
What is the units digit of 351443247?
7
What is the hundreds digit of 56346362?
3
What is the thousands digit of 5002818951?
8
What is the millions digit of 219364020?
9
What is the ten millions digit of 452415188?
5
What is the hundred millions digit of 1838865341?
8
What is the tens digit of 67221761?
6
What is the hundred millions digit of 1196684943?
1
What is the hundred millions digit of 4250998052?
2
What is the ten thousands digit of 63044879?
4
What is the thousands digit of 58620617?
0
What is the hundred thousands digit of 444128782?
1
What is the tens digit of 116614262?
6
What is the hundred millions digit of 212209415?
2
What is the ten thousands digit of 3673740742?
4
What is the thousands digit of 355935407?
5
What is the hundreds digit of 154302946?
9
What is the hundred thousands digit of 290611302?
6
What is the ten millions digit of 594097341?
9
What is the thousands digit of 219159772?
9
What is the hundred thousands digit of 401323?
4
What is the hundreds digit of 27489163?
1
What is the hundred thousands digit of 2650750365?
7
What is the thousands digit of 258791716?
1
What is the units digit of 78081749?
9
What is the tens digit of 7116579?
7
What is the billions digit of 4519880764?
4
What is the hundreds digit of 65588627?
6
What is the units digit of 87828310?
0
What is the millions digit of 345896707?
5
What is the ten millions digit of 439919095?
3
What is the ten thousands digit of 6888094316?
9
What is the hundred thousands digit of 726048010?
0
What is the ten millions digit of 1678215448?
7
What is the hundreds digit of 268798958?
9
What is the hundreds digit of 157691273?
2
What is the hundred millions digit of 3013773463?
0
What is the ten thousands digit of 31108551?
0
What is the ten thousands digit of 1324574?
2
What is the units digit of 3140487630?
0
What is the hundred thousands digit of 2374168661?
1
What is the ten thousands digit of 5731640544?
4
What is the tens digit of 168491465?
6
What is the ten thousands digit of 890055949?
5
What is the ten millions digit of 222748842?
2
What is the millions digit of 454918885?
4
What is the ten thousands digit of 142348826?
4
What is the ten thousands digit of 274337806?
3
What is the hundred thousands digit of 13622021?
6
What is the hundreds digit of 91271214?
2
What is the units digit of 172101239?
9
What is the hundred millions digit of 454727434?
4
What is the tens digit of 3141391180?
8
What is the hundred millions digit of 552668054?
5
What is the hundreds digit of 183616216?
2
What is the hundred millions digit of 839455924?
8
What is the billions digit of 1277775550?
1
What is the hundreds digit of 6402257628?
6
What is the ten thousands digit of 106742957?
4
What is the hundreds digit of 55067091?
0
What is the hundred thousands digit of 186130294?
1
What is the thousands digit of 2851610387?
0
What is the billions digit of 1217571734?
1
What is the hundred millions digit of 129549571?
1
What is the billions digit of 5020831099?
5
What is the tens digit of 531063306?
0
What is the hundred thousands digit of 493652783?
6
What is the millions digit of 4694385599?
4
What is the hundreds digit of 441775141?
1
What is the ten thousands digit of 7784607?
8
What is the millions digit of 877657297?
7
What is the ten thousands digit of 692063?
9
What is the billions digit of 1098364706?
1
What is the ten thousands digit of 5465294258?
9
What is the hundreds digit of 1605728424?
4
What is the hundreds digit of 139118715?
7
What is the thousands digit of 689560648?
0
What is the hundred millions digit of 2547430265?
5
What is the tens digit of 6420846?
4
What is the hundred millions digit of 2324796848?
3
What is the tens digit of 3554133548?
4
What is the ten thousands digit of 39227985?
2
What is the units digit of 66275309?
9
What is the hundred millions digit of 251293683?
2
What is the ten millions digit of 1926491000?
2
What is the millions digit of 973001954?
3
What is the millions digit of 125326655?
5
What is the hundred thousands digit of 125808347?
8
What is the hundreds digit of 119023791?
7
What is the ten millions digit of 18049183?
1
What is the hundreds digit of 5385554319?
3
What is the millions digit of 23015924?
3
What is the hundred thousands digit of 253715681?
7
What is the ten millions digit of 635240076?
3
What is the units digit of 2601016712?
2
What is the units digit of 2079756069?
9
What is the ten millions digit of 119186530?
1
What is the thousands digit of 92293119?
3
What is the ten millions digit of 74127881?
7
What is the hundred millions digit of 253446676?
2
What is the millions digit of 2118830559?
8
What is the ten thousands digit of 1916449209?
4
What is the thousands digit of 38300695?
0
What is the millions digit of 39359864?
9
What is the ten thousands digit of 270622549?
2
What is the thousands digit of 241351347?
1
What is the hundred thousands digit of 479442714?
4
What is the millions digit of 79068406?
9
What is the thousands digit of 1287129717?
9
What is the hundreds digit of 85853546?
5
What is the hundred thousands digit of 659527865?
5
What is the hundreds digit of 2566843794?
7
What is the thousands digit of 542032312?
2
What is the units digit of 862318590?
0
What is the ten millions digit of 3723264229?
2
What is the millions digit of 30701115?
0
What is the ten millions digit of 2163777446?
6
What is the millions digit of 1674883528?
4
What is the ten thousands digit of 417398208?
9
What is the ten thousands digit of 2727940074?
4
What is the tens digit of 46901079?
7
What is the ten millions digit of 39683818?
3
What is the ten thousands digit of 101246423?
4
What is the units digit of 38069573?
3
What is the tens digit of 1214624645?
4
What is the millions digit of 353951876?
3
What is the billions digit of 1130380762?
1
What is the thousands digit of 1174855038?
5
What is the hundreds digit of 1791047635?
6
What is the thousands digit of 108878012?
8
What is the ten millions digit of 109850451?
0
What is the ten thousands digit of 812801688?
0
What is the thousands digit of 515906516?
6
What is the units digit of 390000084?
4
What is the hundreds digit of 1532943765?
7
What is the hundreds digit of 110502530?
5
What is the ten millions digit of 7306614331?
0
What is the ten thousands digit of 6355339322?
3
What is the thousands